27 divide 3974289030?
True
Is 17 a factor of 67610003?
True
Does 10 divide 31006376?
False
Does 90 divide 4273020?
True
Does 15 divide 3274921350?
True
Does 31 divide 52011738?
True
Does 126 divide 98137713?
False
Does 15 divide 5374633?
False
Is 550 a factor of 1679793073?
False
Is 138346477 a multiple of 70?
False
Is 8 a factor of 83273440?
True
Is 13276212 a multiple of 38?
True
Does 9 divide 36105192?
True
Does 400 divide 3889657933?
False
Is 630268200 a multiple of 172?
True
Is 22 a factor of 307026992?
False
Is 81912395 a multiple of 1617?
False
Is 3548295 a multiple of 15?
True
Is 276573087 a multiple of 87?
True
Is 24 a factor of 164318310?
False
Is 211740165 a multiple of 1783?
True
Is 52 a factor of 171081924?
True
Is 812 a factor of 29020227?
False
Is 24351361 a multiple of 127?
True
Is 293 a factor of 29167271?
True
Is 9660710 a multiple of 10?
True
Is 69038882 a multiple of 13?
False
Is 43 a factor of 4179455341?
False
Is 1208 a factor of 878000976?
True
Does 27 divide 11148192?
True
Does 394 divide 549413062?
False
Is 763 a factor of 43507023?
True
Is 11 a factor of 116044137?
True
Does 5 divide 2315368?
False
Does 955 divide 70580230?
True
Is 234 a factor of 18761363?
False
Is 3427082135 a multiple of 189?
False
Is 858504237 a multiple of 27?
False
Does 65 divide 2608848?
False
Does 2111 divide 2333533176?
True
Is 75 a factor of 538669575?
True
Does 223 divide 146833287?
False
Does 36 divide 2196522554?
False
Is 22391740 a multiple of 1162?
True
Is 42888013 a multiple of 29?
True
Does 963 divide 29797146?
True
Is 293 a factor of 292360967?
True
Does 3 divide 1412898482?
False
Does 122 divide 2545475?
False
Is 12531173 a multiple of 920?
False
Is 89 a factor of 478488653?
True
Does 1678 divide 377112042?
True
Is 23 a factor of 77115987?
True
Does 9 divide 1107261521?
False
Is 567152091 a multiple of 27?
True
Does 22 divide 31079440?
False
Is 74220212 a multiple of 70?
False
Is 658 a factor of 75494972?
True
Is 11 a factor of 743144116?
True
Is 81 a factor of 277394706?
True
Is 25 a factor of 1193394725?
True
Is 221234040 a multiple of 348?
True
Is 177979872 a multiple of 268?
True
Is 77519452 a multiple of 25?
False
Is 313340240 a multiple of 212?
True
Is 137064263 a multiple of 106?
False
Is 2811 a factor of 4445174047?
False
Is 32 a factor of 21561792?
True
Is 327417552 a multiple of 297?
True
Does 36 divide 47242520?
False
Is 67514076 a multiple of 252?
True
Is 22 a factor of 165589138?
True
Is 12 a factor of 359007192?
True
Is 277 a factor of 47573642?
True
Does 30 divide 41421240?
True
Does 6 divide 4663920?
True
Is 406144811 a multiple of 3?
False
Does 396 divide 235409497?
False
Does 56 divide 359393182?
False
Is 28338402 a multiple of 2018?
False
Does 43 divide 869668550?
True
Does 37 divide 4446557?
False
Does 3 divide 284710475?
False
Is 54928643 a multiple of 7?
True
Is 31 a factor of 57296618?
True
Is 693936900 a multiple of 100?
True
Does 520 divide 64020129?
False
Does 7253 divide 127309464?
False
Is 15 a factor of 164407547?
False
Is 500 a factor of 1125180800?
False
Is 43 a factor of 13125492?
True
Does 15 divide 253319550?
True
Does 767 divide 358795697?
True
Is 2618931000 a multiple of 1000?
True
Is 122 a factor of 818720650?
True
Does 72 divide 10163736?
True
Is 25118109 a multiple of 24?
False
Is 4572259534 a multiple of 6244?
False
Does 25 divide 23443050?
True
Is 560 a factor of 301753643?
False
Is 1146 a factor of 1200437697?
False
Does 2652 divide 992285580?
True
Is 4060 a factor of 88102054?
False
Is 572419320 a multiple of 193?
False
Is 190666036 a multiple of 44?
True
Is 28588696 a multiple of 2108?
True
Is 64380000 a multiple of 480?
True
Does 153 divide 11183688?
True
Is 46 a factor of 215497241?
False
Is 805 a factor of 206186260?
True
Is 826 a factor of 562998744?
False
Is 62917692 a multiple of 1146?
True
Is 71 a factor of 1421042674?
False
Is 44068417 a multiple of 23?
False
Is 140759356 a multiple of 428?
True
Does 828 divide 76844371?
False
Is 40668129 a multiple of 733?
False
Is 17357342 a multiple of 11?
False
Is 1624 a factor of 191679096?
True
Does 29 divide 42827780?
True
Does 4 divide 157055685?
False
Does 93 divide 5798779?
False
Does 111 divide 202411386?
True
Is 86 a factor of 182234?
True
Is 4947 a factor of 6307425?
True
Is 2697392125 a multiple of 425?
True
Is 191131424 a multiple of 32?
True
Is 693870970 a multiple of 3602?
False
Is 2 a factor of 53847133?
False
Does 12444 divide 3014903748?
False
Does 27 divide 67569876?
True
Does 259 divide 144949761?
False
Is 135972957 a multiple of 67?
False
Is 541 a factor of 75124830?
False
Does 10 divide 234380930?
True
Is 91322700 a multiple of 60?
True
Is 8201939 a multiple of 1273?
True
Is 209503595 a multiple of 5909?
True
Does 4302 divide 2621334087?
False
Is 1692 a factor of 77529694?
False
Does 391 divide 366565237?
True
Is 49 a factor of 973235305?
True
Does 15 divide 795349425?
True
Does 28 divide 1479514697?
False
Does 34 divide 1931914847?
False
Is 45616708 a multiple of 193?
True
Is 799699 a multiple of 4?
False
Is 31 a factor of 109520101?
False
Is 208945152 a multiple of 3924?
True
Does 321 divide 26583936?
True
Is 324 a factor of 21722546?
False
Is 784429296 a multiple of 8?
True
Is 152473146 a multiple of 9051?
True
Is 33 a factor of 152657604?
True
Does 2463 divide 1308764310?
True
Is 818 a factor of 1335593735?
False
Is 5585118356 a multiple of 8361?
False
Is 7 a factor of 66405920?
True
Is 4440566 a multiple of 13?
True
Is 10307393 a multiple of 41?
False
Is 973955551 a multiple of 516?
False
Is 1373885613 a multiple of 11?
False
Does 34 divide 9060728?
True
Is 19231680 a multiple of 104?
True
Is 318059368 a multiple of 61?
True
Is 759 a factor of 886551739?
False
Is 590510552 a multiple of 180?
False
Is 43 a factor of 449171066?
False
Is 41156512 a multiple of 472?
True
Is 190 a factor of 26080920?
True
Does 5576 divide 521793596?
False
Does 49 divide 5791211?
False
Does 80 divide 74885524?
False
Is 3056 a factor of 581203563?
False
Is 16390444 a multiple of 821?
True
Does 5 divide 193723885?
True
Is 20 a factor of 371393208?
False
Is 601 a factor of 755449190?
False
Does 1135 divide 138515400?
True
Is 209840050 a multiple of 320?
False
Is 212734081 a multiple of 2830?
False
Does 303 divide 490029613?
False
Is 139142916 a multiple of 1334?
False
Does 13 divide 6563499553?
True
Is 33455967 a multiple of 241?
False
Does 33 divide 1343055945?
True
Does 908 divide 15429644?
True
Is 44758109 a multiple of 683?
False
Is 2524545 a multiple of 15?
True
Does 472 divide 62855461?
False
Does 4 divide 8174353?
False
Does 75 divide 3665850?
True
Is 178086670 even?
True
Is 57 a factor of 130360850?
False
Is 2 a factor of 1241382?
True
Does 24 divide 48251505?
False
Is 9518211 a multiple of 2?
False
Does 47 divide 823081108?
True
Does 20 divide 142122392?
False
Does 159 divide 4787808?
True
Does 75 divide 86229900?
True
Is 17 a factor of 72731267?
False
Is 12 a factor of 81089124?
True
Is 739 a factor of 414527270?
True
Is 19321544 a multiple of 1984?
False
Does 12 divide 785049420?
True
Is 254 a factor of 269208486?
False
Does 40 divide 1436480767?
False
Is 495 a factor of 42341805?
True
Is 70 a factor of 136817380?
True
Does 4618 divide 137750911?
False
Is 187 a factor of 2041162769?
False
Is 4953367822 a multiple of 439?
True
Is 132 a factor of 39899904?
True
Is 5 a factor of 16292097?
False
Is 365 a factor of 25476635?
True
Does 53 divide 7025786?
True
Is 43306344 a multiple of 153?
True
Is 2961664266 a multiple of 2987?
True
Does 11493 divide 2249181458?
False
Is 111419144 a multiple of 106?
True
Is 1416871072 a multiple of 249?
False
Is 40 a factor of 2760766800?
True
Is 67544287 a multiple of 12636?
False
Is 3 a factor of 36986458?
False
Is 37 a factor of 514707407?
True
Does 1032 divide 1211797104?
True
Is 10996655 a multiple of 366?
False
Does 152 divide 1425560880?
True
Is 4 a factor of 36303816?
True
Does 58 divide 10001404?
True
Does 120 divide 43798080?
True
Does 3589 divide 1465316205?
False
Does 35 divide 144898930?
False
Is 93831669 a multiple of 2943?
True
Is 116310300 a multiple of 290?
True
Is 324 a factor of 37271967?
False
Is 170 a factor of 369931155?
False
Is 1409719 a multiple of 2?
False
Is 614556933 a multi